 10) to base 6
4251
What is 2121 (base 9) in base 2?
11000010110
Convert -105566 (base 7) to base 11.
-13155
What is -223 (base 4) in base 7?
-61
-523 (base 11) to base 13
-396
22202 (base 3) to base 8
354
What is -121424 (base 5) in base 9?
-6286
What is -742 (base 15) in base 11?
-1259
-26a5 (base 11) to base 14
-13c3
What is 1212112021 (base 3) in base 14?
d5d1
What is 482 (base 14) in base 16?
382
What is 20120001 (base 3) in base 15?
163a
-11a (base 16) to base 4
-10122
Convert 12034 (base 5) to base 6.
4050
What is -31000 (base 4) in base 7?
-2266
12916 (base 10) to base 13
5b57
Convert -506 (base 9) to base 4.
-12123
-a08 (base 14) to base 13
-b85
Convert -3330330 (base 5) to base 2.
-1110001101100111
What is -110100100010 (base 2) in base 14?
-1322
Convert -723 (base 10) to base 5.
-10343
112c (base 16) to base 15
1481
Convert 1425 (base 7) to base 16.
22e
What is -721 (base 13) in base 15?
-55a
254223 (base 6) to base 4
11213013
What is -19567 (base 10) in base 12?
-b3a7
Convert 31203 (base 5) to base 14.
a69
What is -20110 (base 4) in base 15?
-257
Convert 1b24 (base 15) to base 7.
23104
-22200111 (base 3) to base 7
-24313
What is 942a (base 15) in base 5?
2000230
-202 (base 6) to base 14
-54
What is 1c7 (base 13) in base 9?
408
-4472 (base 12) to base 16
-1d96
Convert -504 (base 11) to base 8.
-1141
Convert 1212243 (base 5) to base 14.
8463
What is -1a0 (base 15) in base 16?
-177
What is 1445 (base 6) in base 2?
110000101
-1026a (base 11) to base 3
-202112001
Convert 7241 (base 9) to base 6.
40314
What is -20011 (base 3) in base 13?
-ca
What is 211 (base 4) in base 13?
2b
Convert 35112 (base 9) to base 14.
876c
Convert -389a (base 13) to base 6.
-101210
4d77 (base 15) to base 6
204321
Convert 2706 (base 11) to base 4.
312323
What is -8a1 (base 15) in base 12?
-1167
10110000101010 (base 2) to base 11
8549
Convert -3342 (base 5) to base 13.
-2a4
305 (base 14) to base 15
298
439 (base 10) to base 2
110110111
-46 (base 10) to base 2
-101110
What is -5506 (base 8) in base 13?
-1410
-247 (base 16) to base 14
-2d9
What is -310144 (base 5) in base 16?
-2741
What is -7bb6 (base 14) in base 4?
-11100110
Convert 12354 (base 9) to base 13.
3a24
What is 7074 (base 10) in base 5?
211244
What is -10001001100 (base 2) in base 12?
-778
What is 43e4 (base 15) in base 13?
671b
Convert -8676 (base 10) to base 9.
-12810
6367 (base 11) to base 9
12487
What is -10203321 (base 4) in base 6?
-222253
What is -167c (base 15) in base 12?
-2976
Convert 220224 (base 5) to base 13.
359b
Convert -1801 (base 15) to base 2.
-1010000111000
What is 3607 (base 12) in base 6?
44011
What is 5837 (base 10) in base 13?
2870
What is -20412 (base 5) in base 8?
-2515
184 (base 10) to base 11
158
-472 (base 10) to base 4
-13120
What is 7b2 (base 12) in base 6?
5142
What is -233 (base 8) in base 5?
-1110
What is 1218 (base 10) in base 6?
5350
183f (base 16) to base 14
2395
What is 3112122 (base 4) in base 12?
7b36
-30012 (base 4) to base 9
-1050
Convert 5ef (base 16) to base 7.
4300
What is -363 (base 10) in base 11?
-300
What is -834 (base 9) in base 8?
-1247
Convert 203333 (base 4) to base 3.
10011022
Convert 124 (base 13) to base 12.
147
-417 (base 14) to base 9
-1084
What is -6045 (base 12) in base 9?
-15258
10101011000100 (base 2) to base 4
2223010
203c (base 14) to base 9
7537
-ee (base 15) to base 13
-143
3b2 (base 12) to base 6
2342
What is -201220 (base 4) in base 11?
-1687
Convert 1022003 (base 4) to base 6.
33535
Convert -31126 (base 12) to base 7.
-354624
Convert 2671 (base 13) to base 5.
134000
Convert 102012032 (base 4) to base 14.
1d02a
1421 (base 6) to base 11
30a
What is -1332 (base 5) in base 9?
-261
What is 11001 (base 3) in base 16?
6d
Convert -1bb8 (base 12) to base 7.
-13031
-206 (base 16) to base 12
-372
10625 (base 8) to base 16
1195
Convert 13aa (base 16) to base 3.
20220110
What is -128b (base 14) in base 4?
-302323
What is -10350 (base 11) in base 14?
-56b9
What is 1624 (base 11) in base 3?
2212011
What is 51a (base 16) in base 8?
2432
Convert 3234 (base 7) to base 6.
5200
What is -145453 (base 7) in base 8?
-67310
25 (base 13) to base 15
21
-1121b (base 12) to base 14
-842b
-456 (base 13) to base 4
-23223
Convert 1304 (base 6) to base 13.
1c3
What is -2213323 (base 4) in base 11?
-8090
11481 (base 10) to base 5
331411
What is 7862 (base 11) in base 7?
42120
What is -4ba (base 13) in base 14?
-433
What is -10600 (base 8) in base 4?
-1012000
What is 503054 (base 6) in base 10?
39562
What is 776 (base 10) in base 5?
11101
What is 19ba8 (base 12) in base 13?
143b1
Convert fa3 (base 16) to base 2.
111110100011
Convert 1000020 (base 3) to base 4.
23133
What is 1001110111 (base 2) in base 9?
771
What is 221 (base 12) in base 9?
377
What is -1010120020 (base 3) in base 9?
-33506
What is -255 (base 14) in base 11?
-395
Convert 7135 (base 14) to base 8.
45773
-13104 (base 5) to base 16
-405
Convert 23310100 (base 4) to base 13.
19051
-55 (base 15) to base 8
-120
Convert -301 (base 10) to base 8.
-455
27899 (base 12) to base 8
153065
What is -212240 (base 5) in base 14?
-289d
What is 17cd4 (base 14) in base 11?
41223
-2146 (base 7) to base 13
-472
What is -120104 (base 6) in base 7?
-42226
212 (base 13) to base 7
1013
Convert 1101111001100 (base 2) to base 6.
52540
14444 (base 5) to base 6
5441
Convert -17683 (base 9) to base 16.
-2fc1
-132214 (base 5) to base 13
-2555
Convert -4238 (base 11) to base 9.
-7620
41566 (base 7) to base 10
10240
-1633 (base 16) to base 4
-1120303
Convert -213 (base 15) to base 14.
-256
What is 1333 (base 4) in base 6?
331
What is 1b417 (base 13) in base 9?
81250
3134 (base 5) to base 13
263
-12210 (base 6) to base 9
-2426
What is 30121 (base 4) in base 9?
1071
Convert 501050 (base 6) to base 12.
1a786
Convert 1202331 (base 4) to base 13.
2b62
Convert -1255054 (base 6) to base 5.
-4213202
Convert 101100111 (base 2) to base 11.
2a7
What is -856 (base 15) in base 8?
-3531
32352 (base 6) to base 5
120320
-24dc (base 15) to base 14
-2c13
4211 (base 7) to base 16
5c6
What is -2638 (base 9) in base 10?
-1979
-34051 (base 6) to base 7
-16642
25665 (base 7) to base 2
1101011001010
Convert 4637 (base 8) to base 15.
ae3
Convert -451566 (base 7) to base 5.
-10023434
-23a (base 13) to base 11
-322
Convert 11002 (base 5) to base 8.
1360
-12870 (base 10) to base 12
-7546
-1400 (base 5) to base 14
-121
What is 14718 (base 10) in base 16?
397e
Convert 2310020 (base 4) to base 9.
16728
Convert -10202 (base 4) to base 7.
-563
25577 (base 8) to base 3
120021102
Convert 2246 (base 7) to base 3.
1010022
-1220 (base 9) to base 4
-32031
Convert 105306 (base 7) to base 9.
27550
Convert 2033 (base 6) to base 14.
245
Convert 72e8 (base 16) to base 14.
aa12
257 (base 10) to base 2
100000001
Convert 162 (base 15) to base 3.
102202
What is 1010001011111 (base 2) in base 10?
5215
180 (base 12) to base 8
360
Convert d81b (base 15) to base 10.
45701
Convert 202122001 (base 3) to base 15.
46ca
Convert -6663 (base 9) to base 12.
-2a19
Convert -212222011 (base 3) to base 2.
-100010001000001
-2d4 (base 15) to base 14
-345
249a8 (base 11) to base 9
54112
-79d (base 15) to base 11
-1327
What is 9a8 (base 14) in base 4?
131320
Convert 14130 (base 5) to base 12.
811
Convert -16158 (base 10) to base 13.
-747c
Convert 2020303 (base 4) to base 8.
21063
Convert -11000 (base 5) to base 3.
-1000210
Convert 21122221 (base 3) to base 9.
7587
Convert -5165 (base 8) to base 4.
-221311
What is 15a (base 12) in base 5?
1324
-5074 (base 14) to base 5
-420242
-1240 (base 14) to base 4
-301320
-31032 (base 7) to base 8
-16621
Convert 14136 (base 8) to base 5.
144423
What is 10303012 (base 4) in base 10?
19654
What is 746 (base 10) in base 2?
1011101010
What is 10663 (base 7) in base 11?
2071
What is 1602 (base 8) in base 13?
541
47b4 (base 13) to base 15
2ee8
-29773 (base 10) to base 9
-44751
Convert 7125 (base 9) to base 5.
131312
Convert -21102 (base 4) to base 3.
-211000
What is -313 (base 16) in base 7?
-2203
What is 121200 (base 3) in base 7?
1212
1022441 (base 5) to base 11
11a59
Convert -3022 (base 14) to base 15.
-26ac
What is 13c05 (base 13) in base 10?
37185
4020 (base 6) to base 3
1012110
Convert -10111000110100 (base 2) to base 5.
-334303
Convert -143 (base 9) to base 4.